{"id":112,"date":"2022-10-27T00:12:02","date_gmt":"2022-10-26T22:12:02","guid":{"rendered":"https:\/\/aernimultimedia.ch\/wordpress\/?page_id=112"},"modified":"2025-10-17T00:23:28","modified_gmt":"2025-10-16T22:23:28","slug":"projekte","status":"publish","type":"page","link":"https:\/\/fbkbaut.ch\/?page_id=112","title":{"rendered":"Projekte"},"content":{"rendered":"\t\t<div data-elementor-type=\"page\" data-elementor-id=\"112\" class=\"elementor elementor-112\" data-elementor-post-type=\"page\">\n\t\t\t\t<div class=\"elementor-element elementor-element-f11d25f e-flex e-con-boxed e-con e-parent\" data-id=\"f11d25f\" data-element_type=\"container\" data-e-type=\"container\" data-settings=\"{&quot;background_background&quot;:&quot;classic&quot;}\">\n\t\t\t\t\t<div class=\"e-con-inner\">\n\t\t<div class=\"elementor-element elementor-element-5f1c498 e-con-full e-flex e-con e-child\" data-id=\"5f1c498\" data-element_type=\"container\" data-e-type=\"container\">\n\t\t<div class=\"elementor-element elementor-element-239f811 e-con-full e-flex e-con e-child\" data-id=\"239f811\" data-element_type=\"container\" data-e-type=\"container\">\n\t\t<div class=\"elementor-element elementor-element-15878ad e-con-full e-flex e-con e-child\" data-id=\"15878ad\" data-element_type=\"container\" data-e-type=\"container\">\n\t\t\t\t<div class=\"elementor-element elementor-element-cb3317f elementor-widget-tablet__width-inherit elementor-invisible elementor-widget elementor-widget-heading\" data-id=\"cb3317f\" data-element_type=\"widget\" data-e-type=\"widget\" data-settings=\"{&quot;_animation&quot;:&quot;fadeInUp&quot;,&quot;_animation_delay&quot;:1000}\" data-widget_type=\"heading.default\">\n\t\t\t\t<div class=\"elementor-widget-container\">\n\t\t\t\t\t<h1 class=\"elementor-heading-title elementor-size-default\">Projekte<\/h1>\t\t\t\t<\/div>\n\t\t\t\t<\/div>\n\t\t\t\t<div class=\"elementor-element elementor-element-05793bb elementor-widget__width-initial elementor-widget-tablet__width-inherit elementor-invisible elementor-widget elementor-widget-text-editor\" data-id=\"05793bb\" data-element_type=\"widget\" data-e-type=\"widget\" data-settings=\"{&quot;_animation&quot;:&quot;fadeInUp&quot;,&quot;_animation_delay&quot;:1500}\" data-widget_type=\"text-editor.default\">\n\t\t\t\t<div class=\"elementor-widget-container\">\n\t\t\t\t\t\t\t\t\t<p>Von Abbrucharbeiten \u00fcber Malerarbeiten, Bodenbel\u00e4ge und den Einbau von K\u00fcchen und B\u00e4dern bis hin zur Bauendreinigung mit Abgabe \u2013 wir bedienen Sie gerne aus einer Hand.<\/p>\t\t\t\t\t\t\t\t<\/div>\n\t\t\t\t<\/div>\n\t\t\t\t<\/div>\n\t\t\t\t<\/div>\n\t\t\t\t<\/div>\n\t\t\t\t\t<\/div>\n\t\t\t\t<\/div>\n\t\t<div class=\"elementor-element elementor-element-da1ed36 e-flex e-con-boxed e-con e-parent\" data-id=\"da1ed36\" data-element_type=\"container\" data-e-type=\"container\">\n\t\t\t\t\t<div class=\"e-con-inner\">\n\t\t<div class=\"elementor-element elementor-element-21226de e-con-full e-flex e-con e-child\" data-id=\"21226de\" data-element_type=\"container\" data-e-type=\"container\">\n\t\t\t\t<div class=\"elementor-element elementor-element-4075dd7 elementor-widget elementor-widget-gallery\" data-id=\"4075dd7\" data-element_type=\"widget\" data-e-type=\"widget\" data-settings=\"{&quot;lazyload&quot;:&quot;yes&quot;,&quot;gallery_layout&quot;:&quot;grid&quot;,&quot;columns&quot;:4,&quot;columns_tablet&quot;:2,&quot;columns_mobile&quot;:1,&quot;gap&quot;:{&quot;unit&quot;:&quot;px&quot;,&quot;size&quot;:10,&quot;sizes&quot;:[]},&quot;gap_tablet&quot;:{&quot;unit&quot;:&quot;px&quot;,&quot;size&quot;:10,&quot;sizes&quot;:[]},&quot;gap_mobile&quot;:{&quot;unit&quot;:&quot;px&quot;,&quot;size&quot;:10,&quot;sizes&quot;:[]},&quot;link_to&quot;:&quot;file&quot;,&quot;aspect_ratio&quot;:&quot;3:2&quot;,&quot;show_all_galleries&quot;:&quot;yes&quot;,&quot;overlay_background&quot;:&quot;yes&quot;,&quot;content_hover_animation&quot;:&quot;fade-in&quot;}\" data-widget_type=\"gallery.default\">\n\t\t\t\t<div class=\"elementor-widget-container\">\n\t\t\t\t\t\t\t\t<div class=\"elementor-gallery__titles-container e--pointer-underline e--animation-fade\" aria-label=\"Galeriefilter\">\n\t\t\t\t\t\t\t\t\t<a class=\"elementor-item elementor-gallery-title\" role=\"button\" tabindex=\"0\" data-gallery-index=\"all\">\n\t\t\t\t\t\tAlle\t\t\t\t\t<\/a>\n\t\t\t\t\n\t\t\t\t\t\t\t\t\t<a class=\"elementor-item elementor-gallery-title\" role=\"button\" tabindex=\"0\" data-gallery-index=\"0\">\n\t\t\t\t\t\tK\u00fcchen\t\t\t\t\t<\/a>\n\t\t\t\t\t\t\t\t\t\t<a class=\"elementor-item elementor-gallery-title\" role=\"button\" tabindex=\"0\" data-gallery-index=\"1\">\n\t\t\t\t\t\tB\u00e4der\t\t\t\t\t<\/a>\n\t\t\t\t\t\t\t\t\t\t<a class=\"elementor-item elementor-gallery-title\" role=\"button\" tabindex=\"0\" data-gallery-index=\"2\">\n\t\t\t\t\t\tFassade\t\t\t\t\t<\/a>\n\t\t\t\t\t\t\t\t\t\t<a class=\"elementor-item elementor-gallery-title\" role=\"button\" tabindex=\"0\" data-gallery-index=\"3\">\n\t\t\t\t\t\tAbbruch\t\t\t\t\t<\/a>\n\t\t\t\t\t\t\t\t<\/div>\n\t\t\t\t\t<div class=\"elementor-gallery__container\">\n\t\t\t\t\t\t\t<a class=\"e-gallery-item elementor-gallery-item elementor-animated-content\" data-e-gallery-tags=\"0\" href=\"https:\/\/fbkbaut.ch\/wp-content\/uploads\/2022\/11\/83DD5C35-A276-4626-8320-A43746B60F88-scaled.jpg\" data-elementor-open-lightbox=\"yes\" data-elementor-lightbox-slideshow=\"4075dd7\" data-elementor-lightbox-title=\"K\u00fcchenumbau\" data-e-action-hash=\"#elementor-action%3Aaction%3Dlightbox%26settings%3DeyJpZCI6Mzc4LCJ1cmwiOiJodHRwczpcL1wvZmJrYmF1dC5jaFwvd3AtY29udGVudFwvdXBsb2Fkc1wvMjAyMlwvMTFcLzgzREQ1QzM1LUEyNzYtNDYyNi04MzIwLUE0Mzc0NkI2MEY4OC1zY2FsZWQuanBnIiwic2xpZGVzaG93IjoiNDA3NWRkNyJ9\">\n\t\t\t\t\t<div class=\"e-gallery-image elementor-gallery-item__image\" data-thumbnail=\"https:\/\/fbkbaut.ch\/wp-content\/uploads\/2022\/11\/83DD5C35-A276-4626-8320-A43746B60F88-300x225.jpg\" data-width=\"300\" data-height=\"225\" aria-label=\"\" role=\"img\" ><\/div>\n\t\t\t\t\t\t\t\t\t\t\t<div class=\"elementor-gallery-item__overlay\"><\/div>\n\t\t\t\t\t\t\t\t\t\t\t\t\t\t<\/a>\n\t\t\t\t\t\t\t<a class=\"e-gallery-item elementor-gallery-item elementor-animated-content\" data-e-gallery-tags=\"0\" href=\"https:\/\/fbkbaut.ch\/wp-content\/uploads\/2023\/02\/IMG_8106-1-scaled.jpg\" data-elementor-open-lightbox=\"yes\" data-elementor-lightbox-slideshow=\"4075dd7\" data-elementor-lightbox-title=\"K\u00fcchenumbau\" data-e-action-hash=\"#elementor-action%3Aaction%3Dlightbox%26settings%3DeyJpZCI6NTY2LCJ1cmwiOiJodHRwczpcL1wvZmJrYmF1dC5jaFwvd3AtY29udGVudFwvdXBsb2Fkc1wvMjAyM1wvMDJcL0lNR184MTA2LTEtc2NhbGVkLmpwZyIsInNsaWRlc2hvdyI6IjQwNzVkZDcifQ%3D%3D\">\n\t\t\t\t\t<div class=\"e-gallery-image elementor-gallery-item__image\" data-thumbnail=\"https:\/\/fbkbaut.ch\/wp-content\/uploads\/2023\/02\/IMG_8106-1-300x225.jpg\" data-width=\"300\" data-height=\"225\" aria-label=\"\" role=\"img\" ><\/div>\n\t\t\t\t\t\t\t\t\t\t\t<div class=\"elementor-gallery-item__overlay\"><\/div>\n\t\t\t\t\t\t\t\t\t\t\t\t\t\t<\/a>\n\t\t\t\t\t\t\t<a class=\"e-gallery-item elementor-gallery-item elementor-animated-content\" data-e-gallery-tags=\"0\" href=\"https:\/\/fbkbaut.ch\/wp-content\/uploads\/2023\/02\/WhatsApp-Image-2021-05-09-at-11.39.37.webp\" data-elementor-open-lightbox=\"yes\" data-elementor-lightbox-slideshow=\"4075dd7\" data-elementor-lightbox-title=\"K\u00fcchenumbau\" data-e-action-hash=\"#elementor-action%3Aaction%3Dlightbox%26settings%3DeyJpZCI6NTY1LCJ1cmwiOiJodHRwczpcL1wvZmJrYmF1dC5jaFwvd3AtY29udGVudFwvdXBsb2Fkc1wvMjAyM1wvMDJcL1doYXRzQXBwLUltYWdlLTIwMjEtMDUtMDktYXQtMTEuMzkuMzcud2VicCIsInNsaWRlc2hvdyI6IjQwNzVkZDcifQ%3D%3D\">\n\t\t\t\t\t<div class=\"e-gallery-image elementor-gallery-item__image\" data-thumbnail=\"https:\/\/fbkbaut.ch\/wp-content\/uploads\/2023\/02\/WhatsApp-Image-2021-05-09-at-11.39.37-300x225.webp\" data-width=\"300\" data-height=\"225\" aria-label=\"\" role=\"img\" ><\/div>\n\t\t\t\t\t\t\t\t\t\t\t<div class=\"elementor-gallery-item__overlay\"><\/div>\n\t\t\t\t\t\t\t\t\t\t\t\t\t\t<\/a>\n\t\t\t\t\t\t\t<a class=\"e-gallery-item elementor-gallery-item elementor-animated-content\" data-e-gallery-tags=\"0\" href=\"https:\/\/fbkbaut.ch\/wp-content\/uploads\/2023\/02\/WhatsApp-Image-2021-04-27-at-17.38.45.webp\" data-elementor-open-lightbox=\"yes\" data-elementor-lightbox-slideshow=\"4075dd7\" data-elementor-lightbox-title=\"K\u00fcchenumbau\" data-e-action-hash=\"#elementor-action%3Aaction%3Dlightbox%26settings%3DeyJpZCI6NTY0LCJ1cmwiOiJodHRwczpcL1wvZmJrYmF1dC5jaFwvd3AtY29udGVudFwvdXBsb2Fkc1wvMjAyM1wvMDJcL1doYXRzQXBwLUltYWdlLTIwMjEtMDQtMjctYXQtMTcuMzguNDUud2VicCIsInNsaWRlc2hvdyI6IjQwNzVkZDcifQ%3D%3D\">\n\t\t\t\t\t<div class=\"e-gallery-image elementor-gallery-item__image\" data-thumbnail=\"https:\/\/fbkbaut.ch\/wp-content\/uploads\/2023\/02\/WhatsApp-Image-2021-04-27-at-17.38.45-300x225.webp\" data-width=\"300\" data-height=\"225\" aria-label=\"\" role=\"img\" ><\/div>\n\t\t\t\t\t\t\t\t\t\t\t<div class=\"elementor-gallery-item__overlay\"><\/div>\n\t\t\t\t\t\t\t\t\t\t\t\t\t\t<\/a>\n\t\t\t\t\t\t\t<a class=\"e-gallery-item elementor-gallery-item elementor-animated-content\" data-e-gallery-tags=\"1\" href=\"https:\/\/fbkbaut.ch\/wp-content\/uploads\/2022\/11\/WhatsApp-Image-2021-05-09-at-11.28.19-2.webp\" data-elementor-open-lightbox=\"yes\" data-elementor-lightbox-slideshow=\"4075dd7\" data-elementor-lightbox-title=\"Badumbau\" data-e-action-hash=\"#elementor-action%3Aaction%3Dlightbox%26settings%3DeyJpZCI6NDE4LCJ1cmwiOiJodHRwczpcL1wvZmJrYmF1dC5jaFwvd3AtY29udGVudFwvdXBsb2Fkc1wvMjAyMlwvMTFcL1doYXRzQXBwLUltYWdlLTIwMjEtMDUtMDktYXQtMTEuMjguMTktMi53ZWJwIiwic2xpZGVzaG93IjoiNDA3NWRkNyJ9\">\n\t\t\t\t\t<div class=\"e-gallery-image elementor-gallery-item__image\" data-thumbnail=\"https:\/\/fbkbaut.ch\/wp-content\/uploads\/2022\/11\/WhatsApp-Image-2021-05-09-at-11.28.19-2-225x300.webp\" data-width=\"225\" data-height=\"300\" aria-label=\"\" role=\"img\" ><\/div>\n\t\t\t\t\t\t\t\t\t\t\t<div class=\"elementor-gallery-item__overlay\"><\/div>\n\t\t\t\t\t\t\t\t\t\t\t\t\t\t<\/a>\n\t\t\t\t\t\t\t<a class=\"e-gallery-item elementor-gallery-item elementor-animated-content\" data-e-gallery-tags=\"1\" href=\"https:\/\/fbkbaut.ch\/wp-content\/uploads\/2022\/11\/4076E9AB-0773-40C5-9499-06DB14625816_edited-scaled.webp\" data-elementor-open-lightbox=\"yes\" data-elementor-lightbox-slideshow=\"4075dd7\" data-elementor-lightbox-title=\"Badumbau\" data-e-action-hash=\"#elementor-action%3Aaction%3Dlightbox%26settings%3DeyJpZCI6NDE1LCJ1cmwiOiJodHRwczpcL1wvZmJrYmF1dC5jaFwvd3AtY29udGVudFwvdXBsb2Fkc1wvMjAyMlwvMTFcLzQwNzZFOUFCLTA3NzMtNDBDNS05NDk5LTA2REIxNDYyNTgxNl9lZGl0ZWQtc2NhbGVkLndlYnAiLCJzbGlkZXNob3ciOiI0MDc1ZGQ3In0%3D\">\n\t\t\t\t\t<div class=\"e-gallery-image elementor-gallery-item__image\" data-thumbnail=\"https:\/\/fbkbaut.ch\/wp-content\/uploads\/2022\/11\/4076E9AB-0773-40C5-9499-06DB14625816_edited-225x300.jpg\" data-width=\"225\" data-height=\"300\" aria-label=\"\" role=\"img\" ><\/div>\n\t\t\t\t\t\t\t\t\t\t\t<div class=\"elementor-gallery-item__overlay\"><\/div>\n\t\t\t\t\t\t\t\t\t\t\t\t\t\t<\/a>\n\t\t\t\t\t\t\t<a class=\"e-gallery-item elementor-gallery-item elementor-animated-content\" data-e-gallery-tags=\"1\" href=\"https:\/\/fbkbaut.ch\/wp-content\/uploads\/2022\/11\/540542EF-F079-4651-AD40-31C220570203_edited-scaled.webp\" data-elementor-open-lightbox=\"yes\" data-elementor-lightbox-slideshow=\"4075dd7\" data-elementor-lightbox-title=\"Badumbau\" data-e-action-hash=\"#elementor-action%3Aaction%3Dlightbox%26settings%3DeyJpZCI6NDE2LCJ1cmwiOiJodHRwczpcL1wvZmJrYmF1dC5jaFwvd3AtY29udGVudFwvdXBsb2Fkc1wvMjAyMlwvMTFcLzU0MDU0MkVGLUYwNzktNDY1MS1BRDQwLTMxQzIyMDU3MDIwM19lZGl0ZWQtc2NhbGVkLndlYnAiLCJzbGlkZXNob3ciOiI0MDc1ZGQ3In0%3D\">\n\t\t\t\t\t<div class=\"e-gallery-image elementor-gallery-item__image\" data-thumbnail=\"https:\/\/fbkbaut.ch\/wp-content\/uploads\/2022\/11\/540542EF-F079-4651-AD40-31C220570203_edited-225x300.webp\" data-width=\"225\" data-height=\"300\" aria-label=\"\" role=\"img\" ><\/div>\n\t\t\t\t\t\t\t\t\t\t\t<div class=\"elementor-gallery-item__overlay\"><\/div>\n\t\t\t\t\t\t\t\t\t\t\t\t\t\t<\/a>\n\t\t\t\t\t\t\t<a class=\"e-gallery-item elementor-gallery-item elementor-animated-content\" data-e-gallery-tags=\"1\" href=\"https:\/\/fbkbaut.ch\/wp-content\/uploads\/2022\/11\/C6DB65CE-D1B0-4B0E-A8D8-E76B6AE205E1-scaled.webp\" data-elementor-open-lightbox=\"yes\" data-elementor-lightbox-slideshow=\"4075dd7\" data-elementor-lightbox-title=\"Badumbau\" data-e-action-hash=\"#elementor-action%3Aaction%3Dlightbox%26settings%3DeyJpZCI6NDE3LCJ1cmwiOiJodHRwczpcL1wvZmJrYmF1dC5jaFwvd3AtY29udGVudFwvdXBsb2Fkc1wvMjAyMlwvMTFcL0M2REI2NUNFLUQxQjAtNEIwRS1BOEQ4LUU3NkI2QUUyMDVFMS1zY2FsZWQud2VicCIsInNsaWRlc2hvdyI6IjQwNzVkZDcifQ%3D%3D\">\n\t\t\t\t\t<div class=\"e-gallery-image elementor-gallery-item__image\" data-thumbnail=\"https:\/\/fbkbaut.ch\/wp-content\/uploads\/2022\/11\/C6DB65CE-D1B0-4B0E-A8D8-E76B6AE205E1-225x300.webp\" data-width=\"225\" data-height=\"300\" aria-label=\"\" role=\"img\" ><\/div>\n\t\t\t\t\t\t\t\t\t\t\t<div class=\"elementor-gallery-item__overlay\"><\/div>\n\t\t\t\t\t\t\t\t\t\t\t\t\t\t<\/a>\n\t\t\t\t\t\t\t<a class=\"e-gallery-item elementor-gallery-item elementor-animated-content\" data-e-gallery-tags=\"2\" href=\"https:\/\/fbkbaut.ch\/wp-content\/uploads\/2022\/11\/WhatsApp-Image-2021-05-09-at-11.28.18.webp\" data-elementor-open-lightbox=\"yes\" data-elementor-lightbox-slideshow=\"4075dd7\" data-elementor-lightbox-title=\"Fassade alt\" data-e-action-hash=\"#elementor-action%3Aaction%3Dlightbox%26settings%3DeyJpZCI6NDE5LCJ1cmwiOiJodHRwczpcL1wvZmJrYmF1dC5jaFwvd3AtY29udGVudFwvdXBsb2Fkc1wvMjAyMlwvMTFcL1doYXRzQXBwLUltYWdlLTIwMjEtMDUtMDktYXQtMTEuMjguMTgud2VicCIsInNsaWRlc2hvdyI6IjQwNzVkZDcifQ%3D%3D\">\n\t\t\t\t\t<div class=\"e-gallery-image elementor-gallery-item__image\" data-thumbnail=\"https:\/\/fbkbaut.ch\/wp-content\/uploads\/2022\/11\/WhatsApp-Image-2021-05-09-at-11.28.18-300x225.webp\" data-width=\"300\" data-height=\"225\" aria-label=\"\" role=\"img\" ><\/div>\n\t\t\t\t\t\t\t\t\t\t\t<div class=\"elementor-gallery-item__overlay\"><\/div>\n\t\t\t\t\t\t\t\t\t\t\t\t\t\t<\/a>\n\t\t\t\t\t\t\t<a class=\"e-gallery-item elementor-gallery-item elementor-animated-content\" data-e-gallery-tags=\"2\" href=\"https:\/\/fbkbaut.ch\/wp-content\/uploads\/2022\/11\/WhatsApp-Image-2021-05-09-at-11.28.19.webp\" data-elementor-open-lightbox=\"yes\" data-elementor-lightbox-slideshow=\"4075dd7\" data-elementor-lightbox-title=\"in Bearbeitung\" data-e-action-hash=\"#elementor-action%3Aaction%3Dlightbox%26settings%3DeyJpZCI6NDIxLCJ1cmwiOiJodHRwczpcL1wvZmJrYmF1dC5jaFwvd3AtY29udGVudFwvdXBsb2Fkc1wvMjAyMlwvMTFcL1doYXRzQXBwLUltYWdlLTIwMjEtMDUtMDktYXQtMTEuMjguMTkud2VicCIsInNsaWRlc2hvdyI6IjQwNzVkZDcifQ%3D%3D\">\n\t\t\t\t\t<div class=\"e-gallery-image elementor-gallery-item__image\" data-thumbnail=\"https:\/\/fbkbaut.ch\/wp-content\/uploads\/2022\/11\/WhatsApp-Image-2021-05-09-at-11.28.19-225x300.webp\" data-width=\"225\" data-height=\"300\" aria-label=\"\" role=\"img\" ><\/div>\n\t\t\t\t\t\t\t\t\t\t\t<div class=\"elementor-gallery-item__overlay\"><\/div>\n\t\t\t\t\t\t\t\t\t\t\t\t\t\t<\/a>\n\t\t\t\t\t\t\t<a class=\"e-gallery-item elementor-gallery-item elementor-animated-content\" data-e-gallery-tags=\"2\" href=\"https:\/\/fbkbaut.ch\/wp-content\/uploads\/2022\/11\/970b3802-b7c1-4e8a-b9a6-10198c4b2a4b.JPG.webp\" data-elementor-open-lightbox=\"yes\" data-elementor-lightbox-slideshow=\"4075dd7\" data-elementor-lightbox-title=\"Fassade neu\" data-e-action-hash=\"#elementor-action%3Aaction%3Dlightbox%26settings%3DeyJpZCI6NDIyLCJ1cmwiOiJodHRwczpcL1wvZmJrYmF1dC5jaFwvd3AtY29udGVudFwvdXBsb2Fkc1wvMjAyMlwvMTFcLzk3MGIzODAyLWI3YzEtNGU4YS1iOWE2LTEwMTk4YzRiMmE0Yi5KUEcud2VicCIsInNsaWRlc2hvdyI6IjQwNzVkZDcifQ%3D%3D\">\n\t\t\t\t\t<div class=\"e-gallery-image elementor-gallery-item__image\" data-thumbnail=\"https:\/\/fbkbaut.ch\/wp-content\/uploads\/2022\/11\/970b3802-b7c1-4e8a-b9a6-10198c4b2a4b.JPG-300x225.webp\" data-width=\"300\" data-height=\"225\" aria-label=\"\" role=\"img\" ><\/div>\n\t\t\t\t\t\t\t\t\t\t\t<div class=\"elementor-gallery-item__overlay\"><\/div>\n\t\t\t\t\t\t\t\t\t\t\t\t\t\t<\/a>\n\t\t\t\t\t\t\t<a class=\"e-gallery-item elementor-gallery-item elementor-animated-content\" data-e-gallery-tags=\"3\" href=\"https:\/\/fbkbaut.ch\/wp-content\/uploads\/2023\/02\/IMG_9660.webp\" data-elementor-open-lightbox=\"yes\" data-elementor-lightbox-slideshow=\"4075dd7\" data-elementor-lightbox-title=\"Boden alt\" data-e-action-hash=\"#elementor-action%3Aaction%3Dlightbox%26settings%3DeyJpZCI6NTc1LCJ1cmwiOiJodHRwczpcL1wvZmJrYmF1dC5jaFwvd3AtY29udGVudFwvdXBsb2Fkc1wvMjAyM1wvMDJcL0lNR185NjYwLndlYnAiLCJzbGlkZXNob3ciOiI0MDc1ZGQ3In0%3D\">\n\t\t\t\t\t<div class=\"e-gallery-image elementor-gallery-item__image\" data-thumbnail=\"https:\/\/fbkbaut.ch\/wp-content\/uploads\/2023\/02\/IMG_9660-200x300.webp\" data-width=\"200\" data-height=\"300\" aria-label=\"\" role=\"img\" ><\/div>\n\t\t\t\t\t\t\t\t\t\t\t<div class=\"elementor-gallery-item__overlay\"><\/div>\n\t\t\t\t\t\t\t\t\t\t\t\t\t\t<\/a>\n\t\t\t\t\t\t\t<a class=\"e-gallery-item elementor-gallery-item elementor-animated-content\" data-e-gallery-tags=\"3\" href=\"https:\/\/fbkbaut.ch\/wp-content\/uploads\/2023\/02\/IMG_9663-scaled.webp\" data-elementor-open-lightbox=\"yes\" data-elementor-lightbox-slideshow=\"4075dd7\" data-elementor-lightbox-title=\"Boden entfernt\" data-e-action-hash=\"#elementor-action%3Aaction%3Dlightbox%26settings%3DeyJpZCI6NTc2LCJ1cmwiOiJodHRwczpcL1wvZmJrYmF1dC5jaFwvd3AtY29udGVudFwvdXBsb2Fkc1wvMjAyM1wvMDJcL0lNR185NjYzLXNjYWxlZC53ZWJwIiwic2xpZGVzaG93IjoiNDA3NWRkNyJ9\">\n\t\t\t\t\t<div class=\"e-gallery-image elementor-gallery-item__image\" data-thumbnail=\"https:\/\/fbkbaut.ch\/wp-content\/uploads\/2023\/02\/IMG_9663-scaled.webp\" data-width=\"200\" data-height=\"300\" aria-label=\"\" role=\"img\" ><\/div>\n\t\t\t\t\t\t\t\t\t\t\t<div class=\"elementor-gallery-item__overlay\"><\/div>\n\t\t\t\t\t\t\t\t\t\t\t\t\t\t<\/a>\n\t\t\t\t\t\t\t<a class=\"e-gallery-item elementor-gallery-item elementor-animated-content\" data-e-gallery-tags=\"3\" href=\"https:\/\/fbkbaut.ch\/wp-content\/uploads\/2023\/02\/IMG_9521.webp\" data-elementor-open-lightbox=\"yes\" data-elementor-lightbox-slideshow=\"4075dd7\" data-elementor-lightbox-title=\"Wand vor R\u00fcckbau\" data-e-action-hash=\"#elementor-action%3Aaction%3Dlightbox%26settings%3DeyJpZCI6NTY3LCJ1cmwiOiJodHRwczpcL1wvZmJrYmF1dC5jaFwvd3AtY29udGVudFwvdXBsb2Fkc1wvMjAyM1wvMDJcL0lNR185NTIxLndlYnAiLCJzbGlkZXNob3ciOiI0MDc1ZGQ3In0%3D\">\n\t\t\t\t\t<div class=\"e-gallery-image elementor-gallery-item__image\" data-thumbnail=\"https:\/\/fbkbaut.ch\/wp-content\/uploads\/2023\/02\/IMG_9521-200x300.webp\" data-width=\"200\" data-height=\"300\" aria-label=\"\" role=\"img\" ><\/div>\n\t\t\t\t\t\t\t\t\t\t\t<div class=\"elementor-gallery-item__overlay\"><\/div>\n\t\t\t\t\t\t\t\t\t\t\t\t\t\t<\/a>\n\t\t\t\t\t\t\t<a class=\"e-gallery-item elementor-gallery-item elementor-animated-content\" data-e-gallery-tags=\"3\" href=\"https:\/\/fbkbaut.ch\/wp-content\/uploads\/2023\/02\/IMG_9538.jpg\" data-elementor-open-lightbox=\"yes\" data-elementor-lightbox-slideshow=\"4075dd7\" data-elementor-lightbox-title=\"Wand nach R\u00fcckbau\" data-e-action-hash=\"#elementor-action%3Aaction%3Dlightbox%26settings%3DeyJpZCI6NTY5LCJ1cmwiOiJodHRwczpcL1wvZmJrYmF1dC5jaFwvd3AtY29udGVudFwvdXBsb2Fkc1wvMjAyM1wvMDJcL0lNR185NTM4LmpwZyIsInNsaWRlc2hvdyI6IjQwNzVkZDcifQ%3D%3D\">\n\t\t\t\t\t<div class=\"e-gallery-image elementor-gallery-item__image\" data-thumbnail=\"https:\/\/fbkbaut.ch\/wp-content\/uploads\/2023\/02\/IMG_9538-200x300.jpg\" data-width=\"200\" data-height=\"300\" aria-label=\"\" role=\"img\" ><\/div>\n\t\t\t\t\t\t\t\t\t\t\t<div class=\"elementor-gallery-item__overlay\"><\/div>\n\t\t\t\t\t\t\t\t\t\t\t\t\t\t<\/a>\n\t\t\t\t\t\t\t<a class=\"e-gallery-item elementor-gallery-item elementor-animated-content\" data-e-gallery-tags=\"3\" href=\"https:\/\/fbkbaut.ch\/wp-content\/uploads\/2023\/02\/IMG_9552.webp\" data-elementor-open-lightbox=\"yes\" data-elementor-lightbox-slideshow=\"4075dd7\" data-elementor-lightbox-title=\"Wand nach R\u00fcckbau\" data-e-action-hash=\"#elementor-action%3Aaction%3Dlightbox%26settings%3DeyJpZCI6NTcwLCJ1cmwiOiJodHRwczpcL1wvZmJrYmF1dC5jaFwvd3AtY29udGVudFwvdXBsb2Fkc1wvMjAyM1wvMDJcL0lNR185NTUyLndlYnAiLCJzbGlkZXNob3ciOiI0MDc1ZGQ3In0%3D\">\n\t\t\t\t\t<div class=\"e-gallery-image elementor-gallery-item__image\" data-thumbnail=\"https:\/\/fbkbaut.ch\/wp-content\/uploads\/2023\/02\/IMG_9552-200x300.webp\" data-width=\"200\" data-height=\"300\" aria-label=\"\" role=\"img\" ><\/div>\n\t\t\t\t\t\t\t\t\t\t\t<div class=\"elementor-gallery-item__overlay\"><\/div>\n\t\t\t\t\t\t\t\t\t\t\t\t\t\t<\/a>\n\t\t\t\t\t\t\t<a class=\"e-gallery-item elementor-gallery-item elementor-animated-content\" data-e-gallery-tags=\"3\" href=\"https:\/\/fbkbaut.ch\/wp-content\/uploads\/2023\/02\/IMG_9553.webp\" data-elementor-open-lightbox=\"yes\" data-elementor-lightbox-slideshow=\"4075dd7\" data-elementor-lightbox-title=\"Kamin vor R\u00fcckbau\" data-e-action-hash=\"#elementor-action%3Aaction%3Dlightbox%26settings%3DeyJpZCI6NTcxLCJ1cmwiOiJodHRwczpcL1wvZmJrYmF1dC5jaFwvd3AtY29udGVudFwvdXBsb2Fkc1wvMjAyM1wvMDJcL0lNR185NTUzLndlYnAiLCJzbGlkZXNob3ciOiI0MDc1ZGQ3In0%3D\">\n\t\t\t\t\t<div class=\"e-gallery-image elementor-gallery-item__image\" data-thumbnail=\"https:\/\/fbkbaut.ch\/wp-content\/uploads\/2023\/02\/IMG_9553-200x300.webp\" data-width=\"200\" data-height=\"300\" aria-label=\"\" role=\"img\" ><\/div>\n\t\t\t\t\t\t\t\t\t\t\t<div class=\"elementor-gallery-item__overlay\"><\/div>\n\t\t\t\t\t\t\t\t\t\t\t\t\t\t<\/a>\n\t\t\t\t\t\t\t<a class=\"e-gallery-item elementor-gallery-item elementor-animated-content\" data-e-gallery-tags=\"3\" href=\"https:\/\/fbkbaut.ch\/wp-content\/uploads\/2023\/02\/IMG_9564.webp\" data-elementor-open-lightbox=\"yes\" data-elementor-lightbox-slideshow=\"4075dd7\" data-elementor-lightbox-title=\"Kamin nach R\u00fcckbau\" data-e-action-hash=\"#elementor-action%3Aaction%3Dlightbox%26settings%3DeyJpZCI6NTcyLCJ1cmwiOiJodHRwczpcL1wvZmJrYmF1dC5jaFwvd3AtY29udGVudFwvdXBsb2Fkc1wvMjAyM1wvMDJcL0lNR185NTY0LndlYnAiLCJzbGlkZXNob3ciOiI0MDc1ZGQ3In0%3D\">\n\t\t\t\t\t<div class=\"e-gallery-image elementor-gallery-item__image\" data-thumbnail=\"https:\/\/fbkbaut.ch\/wp-content\/uploads\/2023\/02\/IMG_9564-200x300.webp\" data-width=\"200\" data-height=\"300\" aria-label=\"\" role=\"img\" ><\/div>\n\t\t\t\t\t\t\t\t\t\t\t<div class=\"elementor-gallery-item__overlay\"><\/div>\n\t\t\t\t\t\t\t\t\t\t\t\t\t\t<\/a>\n\t\t\t\t\t<\/div>\n\t\t\t\t\t<\/div>\n\t\t\t\t<\/div>\n\t\t\t\t<\/div>\n\t\t\t\t\t<\/div>\n\t\t\t\t<\/div>\n\t\t\t\t<\/div>\n\t\t","protected":false},"excerpt":{"rendered":"<p>Projekte Von Abbrucharbeiten \u00fcber Malerarbeiten, Bodenbel\u00e4ge und den Einbau von K\u00fcchen und B\u00e4dern bis hin zur Bauendreinigung mit Abgabe \u2013 wir bedienen Sie gerne aus einer Hand. Alle K\u00fcchen B\u00e4der Fassade Abbruch<\/p>\n","protected":false},"author":1,"featured_media":0,"parent":83,"menu_order":0,"comment_status":"closed","ping_status":"closed","template":"elementor_header_footer","meta":{"footnotes":""},"class_list":["post-112","page","type-page","status-publish","hentry"],"_links":{"self":[{"href":"https:\/\/fbkbaut.ch\/index.php?rest_route=\/wp\/v2\/pages\/112","targetHints":{"allow":["GET"]}}],"collection":[{"href":"https:\/\/fbkbaut.ch\/index.php?rest_route=\/wp\/v2\/pages"}],"about":[{"href":"https:\/\/fbkbaut.ch\/index.php?rest_route=\/wp\/v2\/types\/page"}],"author":[{"embeddable":true,"href":"https:\/\/fbkbaut.ch\/index.php?rest_route=\/wp\/v2\/users\/1"}],"replies":[{"embeddable":true,"href":"https:\/\/fbkbaut.ch\/index.php?rest_route=%2Fwp%2Fv2%2Fcomments&post=112"}],"version-history":[{"count":36,"href":"https:\/\/fbkbaut.ch\/index.php?rest_route=\/wp\/v2\/pages\/112\/revisions"}],"predecessor-version":[{"id":1430,"href":"https:\/\/fbkbaut.ch\/index.php?rest_route=\/wp\/v2\/pages\/112\/revisions\/1430"}],"up":[{"embeddable":true,"href":"https:\/\/fbkbaut.ch\/index.php?rest_route=\/wp\/v2\/pages\/83"}],"wp:attachment":[{"href":"https:\/\/fbkbaut.ch\/index.php?rest_route=%2Fwp%2Fv2%2Fmedia&parent=112"}],"curies":[{"name":"wp","href":"https:\/\/api.w.org\/{rel}","templated":true}]}}